at is the units digit of u?
4
Suppose -4*u = -4*k - 2285 - 447, -4*u + 2722 = -2*k. What is the hundreds digit of u?
6
Let r = 8 - -746. What is the hundreds digit of r?
7
Suppose 3*b - 4*k = 5*b - 16, 0 = -4*b + 3*k - 1. What is the tens digit of 2*3/b + 75/3?
2
Let f = -103 - -335. What is the units digit of f?
2
Let i(j) = j**3 - j. Let m be i(0). Suppose -3*v - l = -11 - 2, 2*l + 10 = m. Suppose -v*w + 12 = -3*w. What is the units digit of w?
4
Let u = 265 + -112. What is the units digit of u?
3
Suppose -238 - 4492 = -5*l. What is the units digit of l?
6
Suppose -3*c + 3 = 0, 5*c - 4*c = -g + 1. Suppose g = -4*v + 10*v - 924. What is the tens digit of v?
5
Let p(s) = -s**3 - 19*s**2 - 5*s - 40. What is the units digit of p(-19)?
5
Suppose -794 - 2232 = -4*p + 5*h, -h = -p + 757. What is the tens digit of p?
5
Suppose 0*l - 3*l + 18 = 0. Let m = l + -5. Let f = m - -10. What is the units digit of f?
1
Let a = -11 + 8. Let q be 2/a - 8/(-12). Suppose q = 5*t - t - 68. What is the tens digit of t?
1
Suppose l + 4*m - 78 = 0, 0*m - 2*m - 346 = -5*l. Suppose x + 9*x = l. What is the units digit of x?
7
Let v = -95 - -168. Suppose -k = -0*k - 218. Suppose -5*p + k = v. What is the tens digit of p?
2
Let o(v) = 6*v**2 - 20*v + 126. What is the thousands digit of o(-16)?
1
Suppose 5 = 5*b + 60. Let x = 11 + b. What is the units digit of (x - (-12)/14)*7?
6
Suppose 4*y - 6912 = -2*k, y - 2007 + 279 = -3*k. What is the tens digit of y?
2
Let c(v) be the third derivative of v**4 - 25*v**3/6 - 3*v**2. What is the hundreds digit of c(8)?
1
Suppose 0 = 2*a - 56 - 72. Let j = a - -12. What is the tens digit of j?
7
Suppose -3*m = -2*j + 42, 4*m - 28 = -5*j + 3*j. What is the tens digit of (151/3)/(2/j*3)?
5
Suppose -a - 4*w = -40, -2*a - 5*w + 29 = -39. Suppose -6 = -4*n + 2*n, -5*k = 3*n - a. Suppose 2*v + x + 20 = k*v, -v + 26 = 2*x. What is the tens digit of v?
2
Let b be 12/8*(-2 - 3542 - 2). What is the units digit of (1 - 3) + b/(-27)?
5
Let a be 9/6*(-10)/(-5). Let l be (a + -15)*(-6)/8. What is the tens digit of (-3)/(-1*l/57)?
1
Suppose -4*r - 220 + 7 = -q, -5*q - 3*r = -996. Suppose 144 + 99 = 4*a - 3*t, 4*t - q = -3*a. What is the units digit of a?
3
Suppose -11*s - 10*s + 5166 = 0. What is the hundreds digit of s?
2
Suppose -6*d = -434 + 128. Let v = d + 133. Suppose 2*c + 3*y - 92 = 0, -2*y + 0*y - v = -4*c. What is the units digit of c?
6
Let h = -61 - 18. Let a = 96 + h. What is the tens digit of a?
1
Let a be (1/(-3))/((-3)/153). What is the units digit of a/(0 + (3 - 2))?
7
Let l = 2857 + -878. What is the tens digit of l?
7
Let p(c) = -11*c**3 - 2*c**2 + 2*c + 4. Suppose -l + k = -0*l + 2, 4*k = 2*l + 4. What is the tens digit of p(l)?
8
Let o(m) = m**2 - 12*m + 24. Let r be o(10). Suppose -536 = -r*z - 2*u, 3*z - 652 = -2*z + 2*u. What is the tens digit of z?
3
Suppose 5*x + 13 = 28, y = -x + 926. What is the units digit of y?
3
Let c be 86/8 + 2/8. Suppose c*b = 16*b - 360. What is the units digit of b?
2
Suppose 9*j - 7*j = 748. Suppose 356 = 10*s - j. What is the tens digit of s?
7
Let l = 29 + -21. Suppose c = 3*c - l. What is the units digit of 440/32 + 1/c?
4
Suppose -30 = -5*d + 2345. What is the hundreds digit of d?
4
What is the hundreds digit of (-113960)/(-500) - (-4)/50?
2
Let u(a) = 81*a - 228. What is the tens digit of u(53)?
6
Let n = 740 - -219. What is the hundreds digit of n?
9
Let x(f) be the second derivative of -f**5/20 + 7*f**4/12 - f**3/2 + 9*f**2/2 + 19*f. What is the units digit of x(6)?
7
Suppose -4*o - 2*s + 10 = 0, -4*s = -3 + 7. Suppose -133 = -o*p + 440. What is the tens digit of p?
9
Suppose 2*r - 4*r = -6. Suppose -v = l - 0*v + 9, -v = -r*l - 27. What is the units digit of 3/(l/(-2) + -3)?
2
Suppose -d - 7 = -3*g + 2*g, d - 5*g = -27. Let b(i) = 2*i**2 + 3*i + 2. Let y be b(d). Let x = y - -9. What is the tens digit of x?
1
Let z = 26 - 12. Suppose -2*b - 4 + z = 0. Suppose -3*k = -4*k - 4*w + 41, 106 = 3*k - b*w. What is the units digit of k?
7
Suppose 24*v - 12870 = -15*v. What is the tens digit of v?
3
Suppose 0 = -w - 2, -5*i + w = -7*i + 1306. What is the tens digit of i?
5
Suppose -769 = -3*w + 3*l + 32, w + 4*l - 252 = 0. What is the tens digit of w?
6
Let w = 2 + 0. Suppose 0*p - 4*p = -32. What is the units digit of p/w*(-7)/(-14)?
2
Let j(w) = -15*w**2 - 63*w - 33. Let k(u) = 8*u**2 + 32*u + 17. Let c(v) = -5*j(v) - 9*k(v). What is the tens digit of c(-11)?
7
What is the tens digit of (-148 + 9/(-3))*37/(-37)?
5
Suppose 5*o = 70 + 20. What is the tens digit of 834/10 + (-4 - o/(-5))?
8
Let t = 9 + 88. Let k = t - 40. What is the units digit of k?
7
Suppose 0 = -q + 2 + 2. Let v(t) = 4*t**2 + 2*t - 2. What is the tens digit of v(q)?
7
Suppose 46 = -16*l + 17*l. Let o be (-20)/6*(-6)/5. Suppose 0 = b - w - l, 2*b - o*w - 95 = -3*w. What is the units digit of b?
9
Suppose 7*z = 1530 + 1179. What is the units digit of z?
7
Suppose -49*p - 3013 = -50*p. What is the units digit of p?
3
Let a(h) = 3*h + 1. Let i be a(1). Suppose 42 = i*v - v. Let q = v + 7. What is the tens digit of q?
2
Suppose -4*v - 10 = -6*v. Suppose 3*o = -2*w - 2 + 9, -o = v*w - 24. Suppose -3*x - w = -5*r, x - 2*x + 4 = 4*r. What is the units digit of r?
1
Let m(r) = -r**3 - r**2 - 18*r - 11. What is the tens digit of m(-5)?
7
Suppose -5*r + 4701 = -23*t + 27*t, 4*r - 3732 = 4*t. What is the units digit of r?
7
What is the hundreds digit of (8/3)/((-14)/357)*-51?
4
Let c = -23 - -35. Suppose 8*x = 5*x + c. What is the units digit of (-18 + x)/(2/(-5))?
5
Let n(a) = 2*a**2 - 10*a - 9. Let c be n(9). What is the units digit of (-7)/(c/(-6))*12?
8
Suppose 0 = -9*p - 23 - 49. What is the units digit of (-3 - (-22)/p)*80/(-5)?
2
Let z(v) = 28*v + 56. What is the tens digit of z(11)?
6
Let i = 1467 + -405. What is the tens digit of i?
6
Let v be -16*(-2 + 1)*4. Let o be v*(3 + -4) + 1. What is the units digit of (1 + -2)/(3/o)?
1
Let g(c) = 6*c - 59. What is the tens digit of g(13)?
1
Let h = 368 + 213. What is the tens digit of h?
8
Suppose -54894 = -19*w - 14310. What is the hundreds digit of w?
1
Let l be (45/(-5))/((-3)/16). Suppose -l = -6*i + 456. Suppose 3*u - i = u. What is the units digit of u?
2
Suppose 87 - 31 = -4*i. Let j = -11 - i. Suppose -j*q - 1 + 19 = 0. What is the units digit of q?
6
Let n(z) = 4*z**3 - z**2 - z + 1. Let b be n(1). Let r be 148/(-16) - b/4. What is the tens digit of 176/10 + (-4)/r?
1
Suppose -r + 0 + 3 = 0. Let z be 6/r + (0 - 2). Suppose z = -5*u + 3 + 147. What is the tens digit of u?
3
Let p = -25 + 123. Suppose 314 = 3*j + p. What is the units digit of j?
2
Let y(m) = -m. Let i(v) = -4*v. Let z(l) = -i(l) + 8*y(l). Let j be z(5). What is the units digit of (-8)/(-2) + j/(-10)?
6
Let d(m) = -m**2 + 53*m + 98. What is the tens digit of d(40)?
1
Let u = -485 - -915. What is the tens digit of u?
3
Suppose 3*q + 8 - 2 = 0. What is the units digit of (-134 + -10)/(3/q)?
6
Suppose -80 = -5*u + 5*r, 0 = -2*u - 4*r - 7 + 57. Suppose 4*j + 4*q - 156 = 0, -3*q = 2 + 7. Let c = j - u. What is the tens digit of c?
2
Let h = 444 - 291. Let n = -26 + h. What is the hundreds digit of n?
1
Let h(w) = -43 - 50 + 98 + 56*w. What is the hundreds digit of h(3)?
1
Suppose 0 = -4*r + 2*d - 4*d - 32, 8 = -2*r + d. What is the tens digit of (-558)/12*8/r?
6
Let y(o) = 2*o**3 + 14*o**2 + 8*o - 5. Let m(t) = 2*t**3 + 11*t**2 - 5*t + 1. Let c be m(-6). What is the units digit of y(c)?
5
Suppose 0 = -3*r + 19 + 20. Let m(i) = i**3 - 14*i**2 + 11*i + 11. Let d be m(r). What is the tens digit of (-1 - 12/9)*d?
3
Let v = 446 + 320. What is the hundreds digit of v?
7
Suppose -3*p = 2*l - 10, -3*l + 0*p = 4*p - 13. Let y(r) = -r**3 + 23*r**2 + 24*r - 25. Let s be y(24). Let h = l - s. What is the tens digit of h?
2
Let p(f) = -f**2 - 9*f - 9. Let k be p(-7). Suppose -1151 - 564 = -k*x. What is the units digit of x?
3
Suppose 3*c - 1699 = 4*a - 5*a, 3 = c. What is the hundreds digit of a?
6
Let l be (-6)/(-4) + (-66)/12. What is the tens digit of 82*(4 + 12/l) - 3?
7
Let q = 21 - 17. Suppose 2*w - q*l + 62 = 0, w - 5*l + 2*l = -34. Let i = w - -35. What is the tens digit of i?
1
Let p(c) = 2*c - 10. Let v be p(8). Suppose -224 = -2*y + v*y. Let x = 95 + y. What is the tens digit of x?
3
Let k = 11 - 6. Suppose i + 192 = 